**2 + 6*p - 9. Give q(-7).
-2
Let w(r) = -r**3 + 4*r**2 - 4*r + 2. Give w(3).
-1
Let s(p) = p**2 + 4*p - 117. Determine s(0).
-117
Let m(d) = -2*d + 7. Determine m(6).
-5
Let d(k) = -2*k**2 + 2*k + 5. Determine d(7).
-79
Let t(c) = 40*c + 83. Determine t(-2).
3
Let t(m) = -32*m + 68. Give t(2).
4
Let b(p) = p**3 - 6*p**2 - 12*p - 13. Give b(8).
19
Let k(l) = -7*l - 13. Give k(-7).
36
Let g(v) = 6*v**3 - 2*v**2 + 2*v - 1. What is g(1)?
5
Let h(l) = -l - 57. Determine h(6).
-63
Let r(g) = -g**3 + 2*g**2 + 2*g - 4. What is r(3)?
-7
Let g(r) = -5*r**2 + 45*r - 8. Determine g(9).
-8
Let j(r) = r**2 - r + 17. Give j(5).
37
Let c(w) = -w**3 + 13*w**2 - 17*w + 73. Calculate c(12).
13
Let b(a) = 3*a**3 - a**2 + 3*a - 1. Give b(2).
25
Let q(l) = -l**3 + 8*l**2 - 3*l. Give q(2).
18
Let o(k) = 3*k**3 + 3*k**2 - k - 1. Give o(1).
4
Let n(z) = -z**3 + 7*z**2 + 5*z + 14. Give n(9).
-103
Let o(x) = x**2 + 3*x - 8. Give o(0).
-8
Let o(w) = 2*w**3 - 2*w**2 + w + 2. Determine o(-1).
-3
Let n(h) = 3*h + 17. Calculate n(-8).
-7
Let r(o) = -o**3 - 6*o**2 + 16*o + 6. Determine r(-8).
6
Let d(r) = 4*r**2 - 13*r - 7. What is d(3)?
-10
Let x(p) = 12*p**2 - 42*p - 4. Determine x(4).
20
Let r(v) = v**2 - 9*v - 141. What is r(17)?
-5
Let m(q) = q**2 - 9*q - 18. Give m(-4).
34
Let l(i) = 7*i + 9. Give l(12).
93
Let q(z) = -z**3 - 5*z**2 + 24*z - 7. Calculate q(-8).
-7
Let b(t) = -t**2 - 12*t - 8. Calculate b(-11).
3
Let r(l) = 3*l + 12. What is r(5)?
27
Let n(v) = v**3 + 4*v**2 - 4*v. Determine n(-5).
-5
Let h(a) = -a**2 + 6*a + 3. Determine h(5).
8
Let r(b) = b**3 + 4*b**2 + 4*b + 9. Calculate r(-4).
-7
Let s(i) = i**2 + 15*i + 50. Calculate s(-8).
-6
Let s(u) = u**2 + 2*u - 4. Determine s(0).
-4
Let t(c) = -3*c**2 + 2*c - 7. Calculate t(3).
-28
Let c(q) = -5*q + 12. Calculate c(6).
-18
Let x(h) = 12*h**2 + 3*h. Determine x(-1).
9
Let q(x) = 2*x - 93. Determine q(27).
-39
Let b(z) = -z**2 - 6*z + 3. Give b(-5).
8
Let h(j) = j**3 + 6*j**2 - 2*j - 4. Calculate h(-5).
31
Let o(u) = -2*u**3 - 4*u**2 - 4*u - 5. Determine o(-3).
25
Let h(s) = s - 18. Give h(9).
-9
Let k(q) = -26*q + 71. What is k(3)?
-7
Let o(z) = z**3 + 12*z**2 + 6. Calculate o(-12).
6
Let s(q) = 3*q + 54. Calculate s(-19).
-3
Let s(y) = -y**3 - 12*y**2 - 13*y - 14. Determine s(-11).
8
Let o(l) = l**2 - 25*l - 61. What is o(27)?
-7
Let i(l) = l**2 - 7*l. Give i(5).
-10
Let m(i) = i**2 + 4*i + 7. Calculate m(-6).
19
Let t(a) = a**3 - 14*a**2 - 2*a + 34. Calculate t(14).
6
Let b(y) = -88*y - 7. Determine b(-1).
81
Let c(l) = -l + 41. Calculate c(37).
4
Let n(y) = -y**2 + 13*y - 24. What is n(11)?
-2
Let z(w) = w**2 + 22*w + 31. What is z(-15)?
-74
Let c(a) = a**3 - 20*a**2 + 5*a + 25. Determine c(20).
125
Let i(p) = -9*p + 25. Give i(4).
-11
Let k(o) = -3*o - 4. Give k(-2).
2
Let w(z) = -z**2 - 3*z - 1. Determine w(-3).
-1
Let r(p) = 105*p + 512. Give r(-5).
-13
Let j(h) = -h**3 - 8*h**2 + h + 3. What is j(-8)?
-5
Let a(h) = -h**2 - 2*h - 1. Give a(-2).
-1
Let p(i) = i**2 + 13*i - 31. Give p(3).
17
Let z(n) = 2*n**2 - 3*n - 4. Calculate z(4).
16
Let j(m) = m**2 + 17*m + 4. Calculate j(-16).
-12
Let v(s) = 2*s**2 + 5*s + 10. Calculate v(-3).
13
Let p(r) = 2*r**2 - 15*r + 23. What is p(8)?
31
Let z(i) = i**2 + 2*i + 1. Determine z(0).
1
Let k(a) = 4*a - 19. Give k(7).
9
Let r(a) = -3*a + 34. Determine r(18).
-20
Let j(s) = s - 17. Determine j(14).
-3
Let t(v) = v**2 - 5*v - 4. Determine t(6).
2
Let a(r) = r**3 + 9*r**2 - 3*r - 16. Calculate a(-9).
11
Let a(h) = h**3 - 4*h**2 + 5. What is a(4)?
5
Let h(c) = -c**3 + c + 5. Give h(-4).
65
Let c(f) = 4*f**3 - 1. Calculate c(1).
3
Let s(y) = -y + 19. Give s(8).
11
Let f(h) = h**3 + 4*h**2 - 14*h - 16. What is f(-6)?
-4
Let s(c) = c**2 - 4*c - 3. Determine s(7).
18
Let w(u) = -u**2 - 3*u - 1. What is w(-4)?
-5
Let k(m) = -m**2 + 14*m - 37. What is k(4)?
3
Let k(v) = 2*v**3 - 2*v**2 - 4*v + 5. Determine k(2).
5
Let n(i) = i**2 - 11*i - 2. What is n(9)?
-20
Let g(y) = 2*y. Determine g(-9).
-18
Let r(u) = u**2 - 14*u - 11. Give r(15).
4
Let d(h) = h**3 - 3*h**2 - 3*h - 1. Calculate d(3).
-10
Let x(m) = -3*m**3 - 13*m**2 - 12*m - 6. Give x(-3).
-6
Let a(i) = -6*i - 10. Calculate a(3).
-28
Let s(j) = -3*j**2 + 13*j + 11. Calculate s(6).
-19
Let h(k) = k - 16. What is h(16)?
0
Let k(p) = -3*p**2 + 7*p + 4. Give k(5).
-36
Let k(b) = b**3 - 3*b**2 - 4*b - 7. What is k(5)?
23
Let q(d) = -d - 17. Give q(-7).
-10
Let t(z) = 10*z - 60. What is t(6)?
0
Let r(u) = u**3 + 11*u**2 - 9*u + 18. Calculate r(-12).
-18
Let d(g) = 74*g**3 + 2*g**2 - 2*g + 1. Calculate d(1).
75
Let a(u) = -2*u**3 + 5*u**2 + 25*u + 1. Determine a(5).
1
Let t(i) = -i**3 - 10*i**2 - 8*i + 15. Give t(-9).
6
Let s(u) = 6*u**3 + 42*u**2 - u - 1. Calculate s(-7).
6
Let n(q) = 2*q**3 - 5*q**2 + 4*q + 2. Give n(2).
6
Let r(j) = 2*j**2 - 6*j + 5. Give r(5).
25
Let o(y) = -y**3 + 8*y**2 - 8*y + 1. Give o(7).
-6
Let g(z) = 18*z - 306. What is g(17)?
0
Let i(f) = -f**3 + 23*f**2 - 20*f - 49. Calculate i(22).
-5
Let r(c) = -c**3 - 14*c**2 - 14*c - 13. Give r(-13).
0
Let k(n) = n**3 - 3*n**2 - 2*n + 1. Give k(4).
9
Let x(f) = -f**2 - 6*f - 13. Determine x(-4).
-5
Let u(i) = i**3 + i**2 + i + 10. Give u(0).
10
Let j(f) = 44*f - 2. Calculate j(-1).
-46
Let m(t) = -6*t - 210. What is m(-34)?
-6
Let k(p) = p**3 - 3*p**2 - p. Determine k(5).
45
Let v(i) = i**2 + 51*i + 314. Give v(-7).
6
Let a(w) = 2*w**2 + 5*w + 6. Determine a(3).
39
Let q(z) = 4*z**2 + 178*z - 64. Give q(-45).
26
Let a(m) = 3*m**3 + 4*m**2 + 4*m + 3. What is a(-2)?
-13
Let f(t) = 8*t - 68. Give f(8).
-4
Let w(d) = -3*d - 66. What is w(-4)?
-54
Let i(j) = j**2 - 29*j + 24. What is i(31)?
86
Let l(y) = y**2 - 12*y + 5. Determine l(7).
-30
Let a(m) = 14*m + 160. Determine a(-14).
-36
Let v(h) = -4*h - 9. Calculate v(18).
-81
Let h(g) = -2*g**3 - 65*g**2 + 33*g + 25. Give h(-33).
25
Let y(a) = 3*a**2 - 28*a - 26. Give y(10).
-6
Let q(c) = -c**3 - 9*c**2 - 8*c - 4. Determine q(-8).
-4
Let f(z) = -z**3 + 12*z**2 - z + 12. Determine f(12).
0
Let c(d) = d**2 - 9*d - 9. Give c(8).
-17
Let w(f) = -4*f**2 + 4*f + 4. What is w(-2)?
-20
Let a(k) = -14*k + 18. Determine a(2).
-10
Let v(p) = -p**2 - 6*p + 113. What is v(8)?
1
Let o(l) = -l**2 - 12*l - 2. What is o(-11)?
9
Let t(l) = -2*l**3 + 23*l**2 + 12*l - 6. What is t(12)?
-6
Let i(d) = d**2 + 14*d + 21. Determine i(-6).
-27
Let v(f) = -2*f**3 + 30*f**2 - 26*f - 27. What is v(14)?
1
Let j(m) = 7*m + 29. Give j(-4).
1
Let a(i) = i**3 + 2*i**2 - 2*i - 4. Give a(-3).
-7
Let b(k) = -14*k**3 + k**2 - 2*k + 2. Determine b(1).
-13
Let p(z) = 3*z**3 + 2*z**2 - 4*z - 8. Give p(-3).
-59
Let f(j) = j**3 - 9*j**2 + 2*j + 11. Give f(8).
-37
Let a(w) = -2*w**3 - 8*w**2 + 13*w + 9. What is a(-5)?
-6
Let f(q) = 19*q**3 + 2*q**2 - 1. Give f(1).
20
Let w(z) = 3*z + 23. Calculate w(-14).
-19
Let l(t) = -t**3 - 3*t**2 - 2*t + 4. Give l(-3).
10
Let f(c) = c**3 + 7*c**2 + 7*c + 12. Give f(-6).
6
Let x(t) = t**3 - 5*t**2 - t + 7. Calculate x(2).
-7
Let q(m) = 2*m**2 - 8*m - 4. Determine q(6).
20
Let k(d) = 4*d + 3. Determine k(-2).
-5
Let x(s) = s**2 - 37*s + 126. Give x(4).
-6
Let f(v) = -v - 8. Determine f(-6).
-2
Let u(h) = 29*h + 195. Calculate u(-7).
-8
Let o(i) = i**3 - 5*i**2 - 4*i - 4. Determine o(6).
8
Let a(n) = -n + 10. Give a(13).
-3
Let l(q) = -2*q**2 + 19*q + 19. What is l(10)?
9
Let x(k) = -11*k - 9. What is x(-7)?
68
Let w(b) = -b**3 - 6*b**2 + 3*b + 5. Calculate w(-6).
-13
Let c(d) = -4*d + 2. What is c(14)?
-54
Let l(s) = s**3 - 6*s**2 + 6*s. What is l(5)?
5
Let s(n) = -n**3 - 12*n**2 + 13*n - 13. Determine s(-13).
-13
Let d(i) = i**3 - 5*i**2 - 5*i - 14. Determine d(6).
-8
Let i(s) = -s - 5. What is i(-10)?
5
Let p(i) = -2*i**2 - 10*i + 4. Determine p(-4).
12
Let f(p) = -p**3 + 7*p**2 - 3*p + 10. Calculate f(7).
-11
Let w(s) = s**3 - 17*s**2 + 42*s + 11. Calculate w(14).
11
Let g(j) = -2*j**3 - 23*j**2 - 10*j + 14. What is g(-11)?
3
Let t(i) = -i**2 + i + 10. Give t(3).
4
Let t(k) = k**3 + 15*k**2 + k + 20. Calculate t(-15).
5
Let r(s) = -s**3 + 6*s**2 + 13*s - 49. What is r(7)?
-7
Let j(o) = -2*o**2 + 5*o - 9. Give j(-5).
-84
Let f(m) = m**3 + 7*m**2 + 10*m + 7. Give f(-6).
-17
Let m(o) = 3*o**2 + 3*o - 2. Determine m(-3).
16
Let x(z) = -z**2 - 3*z - 4. Calculate x(-3).
-4
Let p(a) = -3*a + 30. Give p(8).
6
Let m(j) = 